f(20). Let k(w) = -w + 13. Let a be k(0). What is the highest common divisor of y and a?
13
Suppose 5*n - 55 = -5*r, 0 = -5*r + 9*r - 2*n - 14. Calculate the highest common divisor of 6 and r.
6
Let i(s) = -3*s**3 + s**2 - 9*s - 11. Let y be i(-1). Suppose -5*m + 25 = 0, 18 - 47 = -y*w - m. What is the greatest common divisor of 32 and w?
4
Let r be 40/2 - (-1233)/(-137). Suppose -3*m - 242 = -4*m. What is the greatest common divisor of r and m?
11
Let j be -2*1/2*4/1. Let l be (-95)/j + 1*4/16. What is the highest common divisor of 300 and l?
12
Let y be ((-3)/9 - -3)*1089/12. What is the highest common divisor of 990 and y?
22
Suppose 0 = -n + 5, -s - 30*n + 1419 = -25*n. What is the highest common factor of 410 and s?
82
Let z(c) = c**2 - 6*c - 5. Let a be z(-4). Let p be (-13)/((-156)/(-688))*42/(-4). Suppose 7*n = 50*n - p. Calculate the greatest common factor of a and n.
7
Suppose 86*g + 4*g + 36*g = 9450. What is the greatest common divisor of g and 24?
3
Let d(s) = s**2 + 6*s + 5. Let l be d(-4). Let g be 360*(-1 - l/((-30)/(-26))). Calculate the highest common factor of 36 and g.
36
Suppose 4*m - 353 = -2*f + 33, 15 = -3*f. What is the greatest common factor of m and 7?
1
Let p = 27 - 24. Suppose -p*v = -s - 4, 50 = 4*s + 4*v + 2. Suppose -4*h - 120 = -2*m, -s*m - 2*h + 360 = -3*m. What is the highest common factor of 14 and m?
14
Let z be 40/6*78/65. Suppose -5*b + z*b - 79 = l, 5*l = 3*b - 83. Let w be 0 - -183 - (1 - 0). Calculate the highest common factor of w and b.
26
Suppose 0 = 4*p + 3 - 19. Suppose p*s = 55 - 15. Suppose j + 3*a - 22 = 0, 0 = j - a - 0*a - s. What is the greatest common divisor of 117 and j?
13
Let a(v) = -4*v**2 + 346*v - 255. Let p be a(74). What is the highest common divisor of p and 260?
65
Let g be 2 + ((-102)/(-68) - 11/(-2)). What is the greatest common divisor of 177 and g?
3
Let t(x) = -x**2 + 84*x - 103. Let h be t(8). Calculate the highest common divisor of 909 and h.
101
Suppose -1918 = -2*b - 5*n, 21*b - 958 = 20*b - 2*n. Calculate the highest common divisor of b and 324.
18
Let w(r) = r**3 + r**2 + 105. Let z be w(0). Suppose 10410 = -5919*n + 6266*n. What is the greatest common factor of n and z?
15
Let n(o) be the second derivative of -o**4/6 + 11*o**3/2 + 34*o. Let s be n(15). Suppose 2*c = 7*c - s. Calculate the greatest common divisor of 63 and c.
9
Suppose -m + 5*x + 329 = 0, -26*x + 28*x + 987 = 3*m. Calculate the greatest common divisor of 1363 and m.
47
Let f be -1*(-3)/((-6)/(-88)). Let m = 353 + -323. Suppose 20*u = m*u - 40. What is the highest common factor of f and u?
4
Let b(l) = -2*l**2 + 16*l - 30*l - 24*l - 21. Let h be b(-16). Suppose -3*a = -a - 50. What is the highest common factor of a and h?
25
Suppose -6*a = 126*a - 117480. What is the greatest common factor of 190 and a?
10
Let j(l) = 5*l**2 - l. Let v be j(-1). Suppose 2*c = 3*s - 56, -575*s + 580*s - 3*c = 93. What is the highest common factor of v and s?
6
Let x = 58 - 55. Suppose x*n - n = 38. Let i = n - 4. Calculate the highest common factor of 120 and i.
15
Let s = -190 + 126. Let w = s + 69. Suppose 4*l = -w*u + 8*l + 100, 60 = 3*u + 3*l. What is the highest common factor of 12 and u?
4
Let r be 1*2*(-9)/(-6)*133/7. Calculate the highest common divisor of r and 304.
19
Suppose 0 = 2*m - 63 + 11. Let x(n) = 4*n + 42. Let s be x(-12). Let j be 374/(s/(-3)) - 5. Calculate the highest common factor of m and j.
26
Let z = 10864 + -10810. Calculate the highest common factor of 3375 and z.
27
Let x be -1*(1 - -1) + -10 + 10 + 4. Calculate the highest common divisor of x and 560.
2
Suppose 10*h = 5*h + 15. Suppose -3*q + 87 = c, 0*c + h*c = 3*q + 321. What is the highest common factor of c and 1326?
102
Let w be (342/99)/(-19) + 0 + (-36942)/(-22). Calculate the greatest common factor of w and 69.
23
Let u(b) = 125 + 4*b**2 - b**2 - 128 + 4*b. Let h be u(2). Suppose 5*g = -a + 7, h = 2*a - 3*g + 3. Calculate the highest common factor of a and 28.
7
Suppose 2*c + 37*h - 2620 = 40*h, 5*h - 1336 = -c. What is the highest common divisor of c and 56?
28
Let h(q) = -q**2 + 12*q + 12. Let w be h(12). Let s = 84 + 219. Suppose 3*u - s - 21 = 0. What is the greatest common factor of w and u?
12
Suppose 130 = 7843*i - 7817*i. Suppose -3*h = h. Let c = h - -5. Calculate the greatest common factor of i and c.
5
Suppose -932 = 1245*u - 1265*u + 13068. Calculate the highest common factor of 5425 and u.
175
Let r be ((-35)/100*-4)/(-19 - (-288)/15). What is the highest common factor of 2471 and r?
7
Suppose t + 10624 = 4*t + 9493. What is the greatest common factor of t and 1247?
29
Let s(d) be the second derivative of -d**5/20 + d**4/2 + 20*d**3/3 + 3*d**2/2 + 16*d - 2. Let n be s(10). Calculate the greatest common divisor of n and 21.
3
Suppose -770 = -5*o + 2*r, 13*o + 147 = 14*o + r. Calculate the highest common factor of 2584 and o.
152
Let k(s) = -14 - 6*s - 3*s + 8*s. Let r be k(10). Let g be -4 + (3 + -4 - r). What is the greatest common divisor of 57 and g?
19
Let w(s) = s**3 + 81*s**2 + 86*s + 1070. Let c be w(-80). Calculate the highest common factor of c and 6254.
118
Let g(u) be the first derivative of -3*u**2 + 72*u - 44. Let c be g(0). Calculate the highest common factor of 24 and c.
24
Let u be (1 + 0)/(2/286). Suppose -12 = 49*p - 53*p. Suppose -5*x = o + 2, 11 = -p*x + 2. What is the greatest common factor of u and o?
13
Suppose -5*u + 290 = -3*a, 131*a - 130*a = -5. Suppose c - 770 = -c. What is the highest common factor of u and c?
55
Let p(i) = -10*i - 23. Let o(s) = -28*s - 4. Let f be o(0). Let z be p(f). What is the highest common factor of 136 and z?
17
Let c be (3 - 0 - -1)/(20/(-40)). Let x = c - -9. Suppose -3*d = -2*t - 88, -t + 3 = -x. Calculate the greatest common divisor of 192 and d.
32
Let o(w) = -w**2 - 2*w + 1. Let c be o(-2). Let r be (-17)/(-51) - c/3. Suppose r = 9*f - 4*f - 45. Calculate the highest common factor of 81 and f.
9
Let a be 26/(-169) - (1 - (-45)/(-39)). Suppose 3*z - 16 = -5*v, a = 3*v - 5*v + 5*z + 25. Calculate the highest common factor of v and 5.
5
Let w(j) = 114*j. Let z be w(2). Let k be 35/(105/(-2)) - 220/(-30)*5. What is the greatest common divisor of z and k?
12
Let j = -1548 + 778. Let o = j - -773. Let t be -6*1/(-2)*11. What is the greatest common factor of t and o?
3
Suppose -x - b = -9 - 24, -2*x + 52 = -5*b. Suppose -2456 = 20*f - 7152 - 3364. What is the greatest common factor of x and f?
31
Suppose 46*c - 31500 = 32*c. What is the highest common divisor of c and 30?
30
Let w = -133655 + 133690. Let y = 1399 - 524. Calculate the greatest common factor of y and w.
35
Suppose 0 = 4*w + 3*k - 116, 3*w - 2*k - 104 = -0*k. Suppose -20*t = w - 392. Calculate the highest common divisor of 306 and t.
18
Suppose 2*d = 120 + 100. Suppose d = -21*o + 3575. Calculate the highest common divisor of 33 and o.
33
Suppose -5*d + v = -556, -v + 4 = -5*v. Suppose 0 = -306*s + 26*s + 10360. Calculate the highest common factor of d and s.
37
Let u be 0/(-8) - 4*-4. Let t(b) = -69 + 24 - 3*b**2 + 34 + 2*b**2 - 28*b. Let o be t(-17). What is the highest common factor of u and o?
16
Suppose 7*i - 179 = 171. Suppose -i = -2*q + u + 43, 0 = -5*u - 15. Suppose 4*a - q - 23 = 0. Calculate the greatest common divisor of a and 187.
17
Let a = 2 + 10. Suppose -109*b + 13888 + 7040 = 0. What is the greatest common factor of b and a?
12
Let c be 4/(-6) + (-126)/(-27). Suppose -2*n - 6 = c*h - 26, -1 = 2*n - 3*h. Let l be -2*(1*-14 - 0). Calculate the highest common divisor of n and l.
4
Let s = 1658 - 1449. Let r be ((-95)/20)/(-1)*12. Calculate the greatest common factor of s and r.
19
Let k(p) = 2*p**2 + 5*p - 3. Let r be k(-7). Suppose -6075 - 297 = -59*f. Calculate the highest common factor of f and r.
12
Let w(g) = g**2 - 28*g - 2. Let a be w(28). Let n(j) = -4 - 42*j + 21*j + 17*j + 11*j**2. Let x be n(a). What is the highest common divisor of x and 384?
48
Let u be (-11)/(55/(-315)) + 9. Let s = -8 + 6. Let p = s - -10. What is the greatest common factor of p and u?
8
Let q(m) = 2*m**2 + 42*m + 164. Let s(x) = x**2 + 21*x + 83. Let j(g) = -3*q(g) + 5*s(g). Let k be j(-16). What is the greatest common factor of 24 and k?
3
Let r(y) = 2*y**3 + 197*y**2 + 291*y + 53. Let m be r(-97). Let h